3203331
In base 5, what is -13 - -1013120?
1013102
In base 13, what is 2196 + 15?
21ab
In base 11, what is 1807 - -170?
1977
In base 2, what is 100 - 1111010010011101111?
-1111010010011101011
In base 6, what is 5 + 304333?
304342
In base 14, what is c19 + -5?
c14
In base 4, what is 12 + -2333?
-2321
In base 5, what is -1 + 133411?
133410
In base 12, what is -4 - -32868?
32864
In base 7, what is -6156 + 1254?
-4602
In base 6, what is 15 - -110522?
110541
In base 12, what is 8a868 + -7?
8a861
In base 3, what is 201001011112 + 1?
201001011120
In base 3, what is -1012 + 21202?
20120
In base 13, what is 5 - -742c?
7434
In base 11, what is -963223 + 0?
-963223
In base 4, what is 11 - 3301232?
-3301221
In base 9, what is 184 - -5143?
5337
In base 12, what is -5 - -249374?
24936b
In base 8, what is 36 + -11734?
-11676
In base 12, what is -abb2 + 8?
-aba6
In base 15, what is 1 + 5725?
5726
In base 4, what is -2323 - -203?
-2120
In base 15, what is -19 - -cc6?
cac
In base 8, what is 552 + 13056?
13630
In base 14, what is -4 - d6ab9?
-d6abd
In base 13, what is -2 + -262a?
-262c
In base 12, what is 142640 + 3?
142643
In base 13, what is -2c - 1c6?
-225
In base 5, what is 120211421 - 10?
120211411
In base 16, what is -40 - -2bd?
27d
In base 4, what is -10013 - -123010?
112331
In base 7, what is 30 - 1513?
-1453
In base 8, what is -4 - 3040440?
-3040444
In base 4, what is 112 - -11300?
12012
In base 12, what is -55 + -752?
-7a7
In base 2, what is 1 + -11000101011001010110?
-11000101011001010101
In base 15, what is -22 - -15974?
15952
In base 12, what is -4 - -18b906?
18b902
In base 11, what is -4a196 - 1?
-4a197
In base 9, what is 8758550 + -4?
8758545
In base 13, what is -3 + -8a35?
-8a38
In base 13, what is -2123 - 687?
-27aa
In base 7, what is 6033 - -112?
6145
In base 13, what is -a + 4912?
4905
In base 3, what is 1101220012 - -10?
1101220022
In base 6, what is 10050 + -3132?
2514
In base 16, what is -20f - -27?
-1e8
In base 6, what is -2 - 1101512?
-1101514
In base 11, what is 62917 - 24?
628a3
In base 5, what is 10 + -410331?
-410321
In base 6, what is -4 + -34132?
-34140
In base 7, what is 106145 + -13?
106132
In base 4, what is 10312020 + 0?
10312020
In base 2, what is -1010010011 + 10001010?
-1000001001
In base 11, what is 26a483 + 2?
26a485
In base 6, what is -1314141 - 1?
-1314142
In base 5, what is -321 - -2431?
2110
In base 14, what is -405 - 36?
-43b
In base 3, what is 10011 + -1010202121?
-1010122110
In base 15, what is -24 - 1d2?
-206
In base 3, what is -21012112002 + 0?
-21012112002
In base 14, what is -4b15 - 4?
-4b19
In base 6, what is 4 + 10324?
10332
In base 14, what is -20d8 + 1?
-20d7
In base 12, what is 1b - 1616?
-15b7
In base 3, what is 2 - 102021212?
-102021210
In base 13, what is -7 - -1080a?
10803
In base 3, what is -2 - 12011222001?
-12011222010
In base 5, what is 324 - 1011?
-132
In base 10, what is -34 + -518?
-552
In base 2, what is -1000000000111011 + 10101?
-1000000000100110
In base 8, what is 1252400 + 0?
1252400
In base 11, what is -1 - -8477?
8476
In base 8, what is -66 + -105?
-173
In base 15, what is -1d2d9d - 4?
-1d2da2
In base 6, what is 3454 - -14540?
22434
In base 2, what is -11 - 1000100101000001101?
-1000100101000010000
In base 14, what is -17c9 + 11a?
-16ad
In base 6, what is -32 + -45014?
-45050
In base 13, what is -65c + -110?
-76c
In base 16, what is 1950 + -e?
1942
In base 7, what is 5 - -2200314?
2200322
In base 3, what is 0 + 2012111000102?
2012111000102
In base 2, what is 1101100101101 + -1010100?
1101011011001
In base 8, what is -2313656 + -4?
-2313662
In base 3, what is 111022010200 + 2?
111022010202
In base 4, what is 3 - 11022210?
-11022201
In base 2, what is 1 + 1001010000100111010?
1001010000100111011
In base 14, what is d - 892?
-883
In base 2, what is 0 + -10110001111010?
-10110001111010
In base 12, what is 51 - 958?
-907
In base 2, what is 0 + 100010100100101111?
100010100100101111
In base 4, what is 102111 - 1101?
101010
In base 12, what is -4545 + -4?
-4549
In base 4, what is -10 - -3010203?
3010133
In base 15, what is 1 - 3577?
-3576
In base 14, what is 6c + -209?
-17b
In base 16, what is 436a - 5?
4365
In base 15, what is 4c + -539c?
-5350
In base 13, what is -1 + 8245?
8244
In base 12, what is -3184 + 17?
-3169
In base 11, what is 368 + -48?
320
In base 14, what is 5 - 17a70?
-17a69
In base 10, what is 5842 + 18?
5860
In base 7, what is -14214050 + 4?
-14214043
In base 7, what is 341 - 2660?
-2316
In base 2, what is 1011110010011011100 - -101?
1011110010011100001
In base 15, what is -58d15 - -5?
-58d10
In base 2, what is -1000 - -110010100100111001?
110010100100110001
In base 8, what is -222070 - -4?
-222064
In base 12, what is 7 - 391?
-386
In base 9, what is 76623 - 5?
76617
In base 12, what is -2 + 714?
712
In base 13, what is 5aa + a?
5b7
In base 8, what is -52222 + -75?
-52317
In base 5, what is 1021314244 - -1?
1021314300
In base 8, what is 37 + -15372?
-15333
In base 14, what is 0 + -3a7aa?
-3a7aa
In base 4, what is -2202332100 - 10?
-2202332110
In base 9, what is 437 + 64?
512
In base 13, what is 1 - -6576?
6577
In base 5, what is 1 - -1010133?
1010134
In base 5, what is -103 + 10142?
10034
In base 3, what is 22011 + 2111?
101122
In base 5, what is -1 - -43424031?
43424030
In base 12, what is -83 + -405?
-488
In base 7, what is -106013 - 0?
-106013
In base 2, what is -110001110100 + 10?
-110001110010
In base 15, what is 7db9 + -6?
7db3
In base 9, what is 11060325 - 3?
11060322
In base 16, what is -1154 - 113?
-1267
In base 11, what is 8 + -11707?
-116aa
In base 6, what is -40211 + 22?
-40145
In base 4, what is 10 - 3231203111?
-3231203101
In base 8, what is 760243 + 3?
760246
In base 15, what is 1 - 272991?
-272990
In base 4, what is 23 - 222231?
-222202
In base 4, what is -1000 - -110023?
103023
In base 2, what is 11100001010101 - -1011?
11100001100000
In base 6, what is -52535 - 244?
-53223
In base 15, what is -9db5 - -2?
-9db3
In base 9, what is -461 - 4?
-465
In base 13, what is -5c2 - -77?
-548
In base 10, what is 15 + -2457?
-2442
In base 9, what is 40 + 17517?
17557
In base 10, what is -2748 + 21?
-2727
In base 16, what is 3bb2 + -2?
3bb0
In base 6, what is 15553034 - -2?
15553040
In base 12, what is -1176 - 100?
-1276
In base 14, what is -9 + 3576?
356b
In base 13, what is 4a68 + 13?
4a7b
In base 11, what is 2 + 2264a?
22651
In base 12, what is -52a9 - 12?
-52bb
In base 13, what is 5 - -10ac2?
10ac7
In base 15, what is -1897 + -5a?
-1902
In base 7, what is 1 + 1123545?
1123546
In base 2, what is 0 - 1000111110100?
-1000111110100
In base 2, what is 11101101000001 + -11011?
11101100100110
In base 10, what is 16 + 3642?
3658
In base 8, what is -10344 - -63?
-10261
In base 16, what is 156c - 1fb?
1371
In base 2, what is 1001101101 - 111011101001?
-110001111100
In base 9, what is -2477 - -77?
-2400
In base 2, what is 1011000 + 101111111?
111010111
In base 3, what is -100 + -1102000002?
-1102000102
In base 16, what is f - 47f?
-470
In base 15, what is 731911 - -1?
731912
In base 7, what is -146 - -246?
100
In base 5, what is -4 + 244141?
244132
In base 13, what is 494 - 15?
47c
In base 12, what is -23 + 1915?
18b2
In base 7, what is 11313023 + -3?
11313020
In base 6, what is 1402 + -41025?
-35223
In base 6, what is -445 - -42040?
41151
In base 16, what is 17d332 + -4?
17d32e
In base 10, what is 3764 - 148?
3616
In base 16, what is 4a1 + 513?
9b4
In base 8, what is 1456345 - 4?
1456341
In base 4, what is -32011123 + 11?
-32011112
In base 8, what is -2271147 + 0?
-2271147
In base 5, what is 11 - 13041?
-13030
In base 7, what is 30 + -1322?
-1262
In base 12, what is 75 - 9a6?
-931
In base 16, what is -64 + 467?
403
In base 8, what is -4 + 4644331?
4644325
In base 15, what is -12839 + e?
-1282a
In base 8, what is 747 + -1421?
-452
In base 7, what is -4526 + -13?
-4542
In base 10, what is -3 - 1936?
-1939
In base 7, what is 22420 - -16?
22436
In base 16, what is -85de - -3?
-85db
In base 10, what is -10 + -432?
-442
In base 10, what is 3 + 55332?
55335
In base 5, what is 1014 + 114?
1133
In base 11, what is 6 - 2838?
-2832
In base 14, what is 1796 + 2c?
17c4
In base 10, what is 0 - -1124?
1124
In base 7, what is -55422 - -3?
-55416
In base 8, what is -100215 - 32?
-100247
In base 